{"id":571,"date":"2021-06-29T10:16:10","date_gmt":"2021-06-29T10:16:10","guid":{"rendered":"https:\/\/skadi.is\/?page_id=571"},"modified":"2021-08-09T15:24:52","modified_gmt":"2021-08-09T15:24:52","slug":"logfraedithjonusta-fyrir-adra-flokka-likamstjona","status":"publish","type":"page","link":"https:\/\/skadi.is\/index.php\/logmenn-arbae\/logfraedithjonusta\/logfraedithjonusta-fyrir-adra-flokka-likamstjona\/","title":{"rendered":"L\u00f6gfr\u00e6\u00f0i\u00fej\u00f3nusta fyrir a\u00f0ra flokka l\u00edkamstj\u00f3na"},"content":{"rendered":"\t\t<div data-elementor-type=\"wp-page\" data-elementor-id=\"571\" class=\"elementor elementor-571\" data-elementor-settings=\"[]\">\n\t\t\t\t\t\t\t<div class=\"elementor-section-wrap\">\n\t\t\t\t\t\t\t<section class=\"elementor-section elementor-top-section elementor-element elementor-element-b564298 elementor-section-boxed elementor-section-height-default elementor-section-height-default\" data-id=\"b564298\" data-element_type=\"section\">\n\t\t\t\t\t\t<div class=\"elementor-container elementor-column-gap-default\">\n\t\t\t\t\t<div class=\"elementor-column elementor-col-100 elementor-top-column elementor-element elementor-element-7359df0\" data-id=\"7359df0\" data-element_type=\"column\">\n\t\t\t<div class=\"elementor-widget-wrap elementor-element-populated\">\n\t\t\t\t\t\t\t\t<div class=\"elementor-element elementor-element-1ba7b9b elementor-widget elementor-widget-global elementor-global-754 elementor-widget-heading\" data-id=\"1ba7b9b\" data-element_type=\"widget\" data-widget_type=\"heading.default\">\n\t\t\t\t<div class=\"elementor-widget-container\">\n\t\t\t<h3 class=\"elementor-heading-title elementor-size-default\">L\u00f6gfr\u00e6\u00f0i\u00fej\u00f3nusta fyrir a\u00f0ra flokka l\u00edkamstj\u00f3na<\/h3>\t\t<\/div>\n\t\t\t\t<\/div>\n\t\t\t\t\t<\/div>\n\t\t<\/div>\n\t\t\t\t\t\t\t<\/div>\n\t\t<\/section>\n\t\t\t\t<section class=\"elementor-section elementor-top-section elementor-element elementor-element-1fc6a893 elementor-section-boxed elementor-section-height-default elementor-section-height-default\" data-id=\"1fc6a893\" data-element_type=\"section\">\n\t\t\t\t\t\t<div class=\"elementor-container elementor-column-gap-default\">\n\t\t\t\t\t<div class=\"elementor-column elementor-col-100 elementor-top-column elementor-element elementor-element-12e5a4a8\" data-id=\"12e5a4a8\" data-element_type=\"column\">\n\t\t\t<div class=\"elementor-widget-wrap elementor-element-populated\">\n\t\t\t\t\t\t\t\t<div class=\"elementor-element elementor-element-1bfb4689 elementor-widget elementor-widget-text-editor\" data-id=\"1bfb4689\" data-element_type=\"widget\" data-widget_type=\"text-editor.default\">\n\t\t\t\t<div class=\"elementor-widget-container\">\n\t\t\t\t\t\t\t\t<!-- wp:paragraph -->\n<p>Mist\u00f6k heilbrig\u00f0isstarfsmanna, annarra en l\u00e6kna.<\/p>\n<!-- \/wp:paragraph -->\n\n<!-- wp:paragraph -->\n<p>L\u00e6knamist\u00f6k<\/p>\n<!-- \/wp:paragraph -->\n\n<!-- wp:paragraph -->\n<p>R\u00f6ng lyfjagj\u00f6f<\/p>\n<!-- \/wp:paragraph -->\n\n<!-- wp:paragraph -->\n<p>Ska\u00f0semis\u00e1byrg\u00f0 framlei\u00f0enda lyfja.&nbsp;<\/p>\n<!-- \/wp:paragraph -->\n\n<!-- wp:paragraph -->\n<p>Ofangreindir flokkar slysa og aflei\u00f0ingar \u00feeirra&nbsp; geta veri\u00f0 b\u00f3taskyld ef um varanlegt l\u00edkamstj\u00f3n er a\u00f0 r\u00e6\u00f0a \u00e1 grundvelli sakarreglunnar, \u00fe.e. ef tj\u00f3ninu hefur veri\u00f0 valdi\u00f0 af g\u00e1leysi. Sj\u00e1 einnig l\u00f6g um ska\u00f0semis\u00e1byrg\u00f0 nr. 25\/1991, vegna t.d. ska\u00f0a af lyfjanotkun.<\/p>\n<!-- \/wp:paragraph -->\n\n<!-- wp:paragraph -->\n<p>Ef vi\u00f0komandi hefur grun um a\u00f0 eiga r\u00e9tt \u00e1 ska\u00f0ab\u00f3tum vegna l\u00edkamstj\u00f3ns vegna mistaka, g\u00e1leysis ellegar vegna ska\u00f0semis\u00e1byrg\u00f0ar framlei\u00f0anda v\u00f6ru (lyfja), getur vi\u00f0komandi tj\u00f3n\u00feoli fengi\u00f0 \u00e1lit \u00fear um hj\u00e1 L\u00f6gm\u00f6nnum \u00c1rb\u00e6 slf. Um \u00fea\u00f0 hvort l\u00e6knum e\u00f0a \u00f6\u00f0rum heilbrig\u00f0isstarfsm\u00f6nnum hafi or\u00f0i\u00f0 \u00e1 \u00ed vinnu sinni, \u00feannig a\u00f0 sj\u00faklingur hafi be\u00f0i\u00f0 l\u00edkamstj\u00f3n, er h\u00e6gt a\u00f0 f\u00e1 \u00e1lit hj\u00e1 landl\u00e6knis skv. 12. grein laga nr. 41\/2007 en m\u00e1lsme\u00f0fer\u00f0 landl\u00e6knis er s\u00ed\u00f0an h\u00e6gt&nbsp; a\u00f0 k\u00e6ra til heilbrig\u00f0isr\u00e1\u00f0herra.&nbsp; \u00de\u00e1 er h\u00e6gt a\u00f0 bera sl\u00edk \u00e1lit undir d\u00f3mst\u00f3la.&nbsp;<\/p>\n<!-- \/wp:paragraph -->\n\n<!-- wp:paragraph -->\n<p>Einnig er bent \u00e1 a\u00f0 samkv\u00e6mt l\u00f6gum nr. 111\/2000 um sj\u00faklingatryggingu, \u00fearf s\u00f6k (g\u00e1leysi) ekki a\u00f0 vera fyrir hendi svo b\u00f3takrafa stofnist, en \u00fear sem segir m.a:<\/p>\n<!-- \/wp:paragraph -->\n\n<!-- wp:paragraph -->\n<p>&#8220;1. grein. R\u00e9tt til b\u00f3ta samkv\u00e6mt l\u00f6gum \u00feessum eiga sj\u00faklingar, sbr. 2. gr. laga um r\u00e9ttindi sj\u00faklinga, sem ver\u00f0a fyrir l\u00edkamlegu e\u00f0a ge\u00f0r\u00e6nu tj\u00f3ni h\u00e9r \u00e1 landi \u00ed tengslum vi\u00f0 ranns\u00f3kn e\u00f0a sj\u00fakd\u00f3msme\u00f0fer\u00f0 \u00e1 sj\u00fakrah\u00fasi, heilsug\u00e6slust\u00f6\u00f0 e\u00f0a annarri heilbrig\u00f0isstofnun, \u00ed sj\u00fakraflutningum e\u00f0a hj\u00e1 heilbrig\u00f0isstarfsmanni sem starfar sj\u00e1lfst\u00e6tt og hloti\u00f0 hefur l\u00f6ggildingu landl\u00e6knis til starfans. Sama \u00e1 vi\u00f0 um \u00fe\u00e1 sem missa framf\u00e6randa vi\u00f0 andl\u00e1t sl\u00edkra sj\u00faklinga.<\/p>\n<!-- \/wp:paragraph -->\n\n<!-- wp:paragraph -->\n<p>Sj\u00faklingar sem br\u00fdn nau\u00f0syn er a\u00f0 vista \u00e1 erlendu sj\u00fakrah\u00fasi e\u00f0a \u00e1 annarri heilbrig\u00f0isstofnun erlendis, sbr. 23. gr. laga um sj\u00fakratryggingar,&nbsp; og ver\u00f0a fyrir l\u00edkamlegu e\u00f0a ge\u00f0r\u00e6nu tj\u00f3ni \u00ed tengslum vi\u00f0 ranns\u00f3kn e\u00f0a sj\u00fakd\u00f3msme\u00f0fer\u00f0 \u00e1 vi\u00f0komandi stofnun eiga r\u00e9tt \u00e1 b\u00f3tum samkv\u00e6mt l\u00f6gum \u00feessum, a\u00f0 fr\u00e1dregnum b\u00f3tum sem \u00feeir kunna a\u00f0 eiga r\u00e9tt \u00e1 \u00ed hinu erlenda r\u00edki.<\/p>\n<!-- \/wp:paragraph -->\n\n<!-- wp:paragraph -->\n<p>\u00deeir sem gangast undir l\u00e6knisfr\u00e6\u00f0ilega tilraun sem ekki er li\u00f0ur \u00ed sj\u00fakd\u00f3msgreiningu e\u00f0a me\u00f0fer\u00f0 \u00e1 sj\u00fakd\u00f3mi \u00feess er \u00ed hlut \u00e1 eiga sama r\u00e9tt og sj\u00faklingar samkv\u00e6mt l\u00f6gum \u00feessum nema annars s\u00e9 geti\u00f0 s\u00e9rstaklega.<\/p>\n<!-- \/wp:paragraph -->\n\n<!-- wp:paragraph -->\n<p>\u00deeir sem gefa vef, l\u00edff\u00e6ri, bl\u00f3\u00f0 e\u00f0a annan l\u00edkamsv\u00f6kva eiga sama r\u00e9tt og sj\u00faklingar samkv\u00e6mt l\u00f6gum \u00feessum nema annars s\u00e9 geti\u00f0 s\u00e9rstaklega.&#8221;&nbsp;<\/p>\n<!-- \/wp:paragraph -->\n\n<!-- wp:paragraph -->\n<p>\u00cd 2. grein laganna eru talin \u00feau tj\u00f3natvik, sem l\u00f6gin taka til og a\u00f0 b\u00f3ta\u00e1byrg\u00f0 stofnist, enda \u00fe\u00f3tt ekki s\u00e9 um ska\u00f0ab\u00f3taskylt tj\u00f3n a\u00f0 r\u00e6\u00f0a, \u00fe.e. mist\u00f6k vegna g\u00e1leysis.&nbsp;<\/p>\n<!-- \/wp:paragraph -->\n\n<!-- wp:paragraph -->\n<p>Hafi sl\u00edk meint mist\u00f6k \u00e1tt s\u00e9r sta\u00f0 \u00e1 heilbrig\u00f0isstofnun \u00e1 vegum r\u00edkisins er b\u00f3takr\u00f6fum beint a\u00f0 Tryggingastofnun r\u00edkisins, sem metur tj\u00f3ni\u00f0 \u00e1 grundvelli gagna sem tj\u00f3n\u00feoli aflar. H\u00e6gt er a\u00f0 skj\u00f3ta \u00e1kv\u00f6r\u00f0un Tryggingastofnunar og einnig mati hennar \u00e1 b\u00f3tum til \u00farskur\u00f0arnefndar almannatrygginga.<\/p>\n<!-- \/wp:paragraph -->\n\n<!-- wp:paragraph -->\n<p>Hafi sl\u00edk meint mist\u00f6k \u00e1tt s\u00e9r sta\u00f0 hj\u00e1 sj\u00e1lfst\u00e6tt starfandi l\u00e6kni, ver\u00f0ur a\u00f0 beina b\u00f3takr\u00f6fum a\u00f0 tryggingaf\u00e9lagi hans, en sj\u00e1lfst\u00e6tt starfandi l\u00e6knum er skylt a\u00f0 hafa tryggingar samkv\u00e6mt l\u00f6gum nr. 111\/2000.<\/p>\n<!-- \/wp:paragraph -->\n\n<!-- wp:paragraph -->\n<p>Anna\u00f0:<\/p>\n<!-- \/wp:paragraph -->\n\n<!-- wp:paragraph -->\n<p>B\u00f3taskylda vegna l\u00edkams\u00e1verka getur einnig skapast vi\u00f0 margs konar \u00f6nnur&nbsp; tilvik, en h\u00e9r hafa veri\u00f0 rakin, \u00fear sem l\u00edkamstj\u00f3ni er valdi\u00f0 af g\u00e1leysi,&nbsp; svo sem vegna vanb\u00fana\u00f0ar \u00e1 skemmtist\u00f6\u00f0um, \u00ed verslunum,&nbsp; e\u00f0a \u00e1&nbsp; \u00f6\u00f0rum st\u00f6\u00f0um \u00fear sem menn stunda t\u00f3mstundir s\u00ednar og a\u00f0ra i\u00f0ju, \u00fear sem t\u00e6ki og annar b\u00fana\u00f0ur er ekki \u00ed samr\u00e6mi vi\u00f0 opinberar reglur. Getur \u00ed \u00feessum tilvikum &nbsp; komi\u00f0&nbsp; b\u00f3ta\u00e1byrg\u00f0,&nbsp; t.d. sveitarf\u00e9laga og\/e\u00f0a fasteignareigenda.&nbsp; Getur vi\u00f0komandi tj\u00f3n\u00feoli fengi\u00f0 \u00e1lit \u00fear um hj\u00e1 L\u00f6gm\u00f6nnum \u00c1rb\u00e6.&nbsp;<\/p>\n<!-- \/wp:paragraph -->\t\t\t\t\t\t<\/div>\n\t\t\t\t<\/div>\n\t\t\t\t\t<\/div>\n\t\t<\/div>\n\t\t\t\t\t\t\t<\/div>\n\t\t<\/section>\n\t\t\t\t\t\t<\/div>\n\t\t\t\t\t<\/div>\n\t\t","protected":false},"excerpt":{"rendered":"<p>L\u00f6gfr\u00e6\u00f0i\u00fej\u00f3nusta fyrir a\u00f0ra flokka l\u00edkamstj\u00f3na Mist\u00f6k heilbrig\u00f0isstarfsmanna, annarra en l\u00e6kna. L\u00e6knamist\u00f6k R\u00f6ng lyfjagj\u00f6f Ska\u00f0semis\u00e1byrg\u00f0 framlei\u00f0enda lyfja.&nbsp; Ofangreindir flokkar slysa og aflei\u00f0ingar \u00feeirra&nbsp; geta veri\u00f0 b\u00f3taskyld ef um varanlegt l\u00edkamstj\u00f3n er a\u00f0 r\u00e6\u00f0a \u00e1 grundvelli sakarreglunnar, \u00fe.e. ef tj\u00f3ninu hefur veri\u00f0 valdi\u00f0 af g\u00e1leysi. Sj\u00e1 einnig l\u00f6g um ska\u00f0semis\u00e1byrg\u00f0 nr. 25\/1991, vegna t.d. ska\u00f0a af lyfjanotkun. [&hellip;]<\/p>\n","protected":false},"author":1,"featured_media":0,"parent":492,"menu_order":0,"comment_status":"closed","ping_status":"closed","template":"","meta":{"footnotes":""},"class_list":["post-571","page","type-page","status-publish","hentry"],"yoast_head":"<!-- This site is optimized with the Yoast SEO plugin v16.9 - https:\/\/yoast.com\/wordpress\/plugins\/seo\/ -->\n<title>L\u00f6gfr\u00e6\u00f0i\u00fej\u00f3nusta fyrir a\u00f0ra flokka l\u00edkamstj\u00f3na &gt; L&ouml;gmenn &Aacute;rb&aelig;<\/title>\n<meta name=\"robots\" content=\"index, follow, max-snippet:-1, max-image-preview:large, max-video-preview:-1\" \/>\n<link rel=\"canonical\" href=\"https:\/\/skadi.is\/index.php\/logmenn-arbae\/logfraedithjonusta\/logfraedithjonusta-fyrir-adra-flokka-likamstjona\/\" \/>\n<meta property=\"og:locale\" content=\"en_US\" \/>\n<meta property=\"og:type\" content=\"article\" \/>\n<meta property=\"og:title\" content=\"L\u00f6gfr\u00e6\u00f0i\u00fej\u00f3nusta fyrir a\u00f0ra flokka l\u00edkamstj\u00f3na &gt; L&ouml;gmenn &Aacute;rb&aelig;\" \/>\n<meta property=\"og:description\" content=\"L\u00f6gfr\u00e6\u00f0i\u00fej\u00f3nusta fyrir a\u00f0ra flokka l\u00edkamstj\u00f3na Mist\u00f6k heilbrig\u00f0isstarfsmanna, annarra en l\u00e6kna. L\u00e6knamist\u00f6k R\u00f6ng lyfjagj\u00f6f Ska\u00f0semis\u00e1byrg\u00f0 framlei\u00f0enda lyfja.&nbsp; Ofangreindir flokkar slysa og aflei\u00f0ingar \u00feeirra&nbsp; geta veri\u00f0 b\u00f3taskyld ef um varanlegt l\u00edkamstj\u00f3n er a\u00f0 r\u00e6\u00f0a \u00e1 grundvelli sakarreglunnar, \u00fe.e. ef tj\u00f3ninu hefur veri\u00f0 valdi\u00f0 af g\u00e1leysi. Sj\u00e1 einnig l\u00f6g um ska\u00f0semis\u00e1byrg\u00f0 nr. 25\/1991, vegna t.d. ska\u00f0a af lyfjanotkun. [&hellip;]\" \/>\n<meta property=\"og:url\" content=\"https:\/\/skadi.is\/index.php\/logmenn-arbae\/logfraedithjonusta\/logfraedithjonusta-fyrir-adra-flokka-likamstjona\/\" \/>\n<meta property=\"og:site_name\" content=\"L&ouml;gmenn &Aacute;rb&aelig;\" \/>\n<meta property=\"article:modified_time\" content=\"2021-08-09T15:24:52+00:00\" \/>\n<meta name=\"twitter:card\" content=\"summary_large_image\" \/>\n<meta name=\"twitter:label1\" content=\"Est. reading time\" \/>\n\t<meta name=\"twitter:data1\" content=\"3 minutes\" \/>\n<script type=\"application\/ld+json\" class=\"yoast-schema-graph\">{\"@context\":\"https:\/\/schema.org\",\"@graph\":[{\"@type\":\"WebSite\",\"@id\":\"https:\/\/skadi.is\/#website\",\"url\":\"https:\/\/skadi.is\/\",\"name\":\"L&ouml;gmenn &Aacute;rb&aelig;\",\"description\":\"L&ouml;gmenn &Aacute;rb&aelig; slf. er alhli&eth;a l&ouml;gmannsstofa &thorn;ar sem &thorn;verfagleg l&ouml;gmanns&thorn;j&oacute;nusta er veitt.\",\"potentialAction\":[{\"@type\":\"SearchAction\",\"target\":{\"@type\":\"EntryPoint\",\"urlTemplate\":\"https:\/\/skadi.is\/?s={search_term_string}\"},\"query-input\":\"required name=search_term_string\"}],\"inLanguage\":\"en\"},{\"@type\":\"WebPage\",\"@id\":\"https:\/\/skadi.is\/index.php\/logmenn-arbae\/logfraedithjonusta\/logfraedithjonusta-fyrir-adra-flokka-likamstjona\/#webpage\",\"url\":\"https:\/\/skadi.is\/index.php\/logmenn-arbae\/logfraedithjonusta\/logfraedithjonusta-fyrir-adra-flokka-likamstjona\/\",\"name\":\"L\\u00f6gfr\\u00e6\\u00f0i\\u00fej\\u00f3nusta fyrir a\\u00f0ra flokka l\\u00edkamstj\\u00f3na &gt; L&ouml;gmenn &Aacute;rb&aelig;\",\"isPartOf\":{\"@id\":\"https:\/\/skadi.is\/#website\"},\"datePublished\":\"2021-06-29T10:16:10+00:00\",\"dateModified\":\"2021-08-09T15:24:52+00:00\",\"breadcrumb\":{\"@id\":\"https:\/\/skadi.is\/index.php\/logmenn-arbae\/logfraedithjonusta\/logfraedithjonusta-fyrir-adra-flokka-likamstjona\/#breadcrumb\"},\"inLanguage\":\"en\",\"potentialAction\":[{\"@type\":\"ReadAction\",\"target\":[\"https:\/\/skadi.is\/index.php\/logmenn-arbae\/logfraedithjonusta\/logfraedithjonusta-fyrir-adra-flokka-likamstjona\/\"]}]},{\"@type\":\"BreadcrumbList\",\"@id\":\"https:\/\/skadi.is\/index.php\/logmenn-arbae\/logfraedithjonusta\/logfraedithjonusta-fyrir-adra-flokka-likamstjona\/#breadcrumb\",\"itemListElement\":[{\"@type\":\"ListItem\",\"position\":1,\"name\":\"Fr\\u00e9ttir\",\"item\":\"https:\/\/skadi.is\/\"},{\"@type\":\"ListItem\",\"position\":2,\"name\":\"FORS\\u00cd\\u00d0A\",\"item\":\"https:\/\/skadi.is\/\"},{\"@type\":\"ListItem\",\"position\":3,\"name\":\"L\\u00f6gfr\\u00e6\\u00f0i\\u00fej\\u00f3nusta\",\"item\":\"https:\/\/skadi.is\/index.php\/logmenn-arbae\/logfraedithjonusta\/\"},{\"@type\":\"ListItem\",\"position\":4,\"name\":\"L\\u00f6gfr\\u00e6\\u00f0i\\u00fej\\u00f3nusta fyrir a\\u00f0ra flokka l\\u00edkamstj\\u00f3na\"}]}]}<\/script>\n<!-- \/ Yoast SEO plugin. -->","yoast_head_json":{"title":"L\u00f6gfr\u00e6\u00f0i\u00fej\u00f3nusta fyrir a\u00f0ra flokka l\u00edkamstj\u00f3na &gt; L&ouml;gmenn &Aacute;rb&aelig;","robots":{"index":"index","follow":"follow","max-snippet":"max-snippet:-1","max-image-preview":"max-image-preview:large","max-video-preview":"max-video-preview:-1"},"canonical":"https:\/\/skadi.is\/index.php\/logmenn-arbae\/logfraedithjonusta\/logfraedithjonusta-fyrir-adra-flokka-likamstjona\/","og_locale":"en_US","og_type":"article","og_title":"L\u00f6gfr\u00e6\u00f0i\u00fej\u00f3nusta fyrir a\u00f0ra flokka l\u00edkamstj\u00f3na &gt; L&ouml;gmenn &Aacute;rb&aelig;","og_description":"L\u00f6gfr\u00e6\u00f0i\u00fej\u00f3nusta fyrir a\u00f0ra flokka l\u00edkamstj\u00f3na Mist\u00f6k heilbrig\u00f0isstarfsmanna, annarra en l\u00e6kna. L\u00e6knamist\u00f6k R\u00f6ng lyfjagj\u00f6f Ska\u00f0semis\u00e1byrg\u00f0 framlei\u00f0enda lyfja.&nbsp; Ofangreindir flokkar slysa og aflei\u00f0ingar \u00feeirra&nbsp; geta veri\u00f0 b\u00f3taskyld ef um varanlegt l\u00edkamstj\u00f3n er a\u00f0 r\u00e6\u00f0a \u00e1 grundvelli sakarreglunnar, \u00fe.e. ef tj\u00f3ninu hefur veri\u00f0 valdi\u00f0 af g\u00e1leysi. Sj\u00e1 einnig l\u00f6g um ska\u00f0semis\u00e1byrg\u00f0 nr. 25\/1991, vegna t.d. ska\u00f0a af lyfjanotkun. [&hellip;]","og_url":"https:\/\/skadi.is\/index.php\/logmenn-arbae\/logfraedithjonusta\/logfraedithjonusta-fyrir-adra-flokka-likamstjona\/","og_site_name":"L&ouml;gmenn &Aacute;rb&aelig;","article_modified_time":"2021-08-09T15:24:52+00:00","twitter_card":"summary_large_image","twitter_misc":{"Est. reading time":"3 minutes"},"schema":{"@context":"https:\/\/schema.org","@graph":[{"@type":"WebSite","@id":"https:\/\/skadi.is\/#website","url":"https:\/\/skadi.is\/","name":"L&ouml;gmenn &Aacute;rb&aelig;","description":"L&ouml;gmenn &Aacute;rb&aelig; slf. er alhli&eth;a l&ouml;gmannsstofa &thorn;ar sem &thorn;verfagleg l&ouml;gmanns&thorn;j&oacute;nusta er veitt.","potentialAction":[{"@type":"SearchAction","target":{"@type":"EntryPoint","urlTemplate":"https:\/\/skadi.is\/?s={search_term_string}"},"query-input":"required name=search_term_string"}],"inLanguage":"en"},{"@type":"WebPage","@id":"https:\/\/skadi.is\/index.php\/logmenn-arbae\/logfraedithjonusta\/logfraedithjonusta-fyrir-adra-flokka-likamstjona\/#webpage","url":"https:\/\/skadi.is\/index.php\/logmenn-arbae\/logfraedithjonusta\/logfraedithjonusta-fyrir-adra-flokka-likamstjona\/","name":"L\u00f6gfr\u00e6\u00f0i\u00fej\u00f3nusta fyrir a\u00f0ra flokka l\u00edkamstj\u00f3na &gt; L&ouml;gmenn &Aacute;rb&aelig;","isPartOf":{"@id":"https:\/\/skadi.is\/#website"},"datePublished":"2021-06-29T10:16:10+00:00","dateModified":"2021-08-09T15:24:52+00:00","breadcrumb":{"@id":"https:\/\/skadi.is\/index.php\/logmenn-arbae\/logfraedithjonusta\/logfraedithjonusta-fyrir-adra-flokka-likamstjona\/#breadcrumb"},"inLanguage":"en","potentialAction":[{"@type":"ReadAction","target":["https:\/\/skadi.is\/index.php\/logmenn-arbae\/logfraedithjonusta\/logfraedithjonusta-fyrir-adra-flokka-likamstjona\/"]}]},{"@type":"BreadcrumbList","@id":"https:\/\/skadi.is\/index.php\/logmenn-arbae\/logfraedithjonusta\/logfraedithjonusta-fyrir-adra-flokka-likamstjona\/#breadcrumb","itemListElement":[{"@type":"ListItem","position":1,"name":"Fr\u00e9ttir","item":"https:\/\/skadi.is\/"},{"@type":"ListItem","position":2,"name":"FORS\u00cd\u00d0A","item":"https:\/\/skadi.is\/"},{"@type":"ListItem","position":3,"name":"L\u00f6gfr\u00e6\u00f0i\u00fej\u00f3nusta","item":"https:\/\/skadi.is\/index.php\/logmenn-arbae\/logfraedithjonusta\/"},{"@type":"ListItem","position":4,"name":"L\u00f6gfr\u00e6\u00f0i\u00fej\u00f3nusta fyrir a\u00f0ra flokka l\u00edkamstj\u00f3na"}]}]}},"_links":{"self":[{"href":"https:\/\/skadi.is\/index.php\/wp-json\/wp\/v2\/pages\/571","targetHints":{"allow":["GET"]}}],"collection":[{"href":"https:\/\/skadi.is\/index.php\/wp-json\/wp\/v2\/pages"}],"about":[{"href":"https:\/\/skadi.is\/index.php\/wp-json\/wp\/v2\/types\/page"}],"author":[{"embeddable":true,"href":"https:\/\/skadi.is\/index.php\/wp-json\/wp\/v2\/users\/1"}],"replies":[{"embeddable":true,"href":"https:\/\/skadi.is\/index.php\/wp-json\/wp\/v2\/comments?post=571"}],"version-history":[{"count":7,"href":"https:\/\/skadi.is\/index.php\/wp-json\/wp\/v2\/pages\/571\/revisions"}],"predecessor-version":[{"id":775,"href":"https:\/\/skadi.is\/index.php\/wp-json\/wp\/v2\/pages\/571\/revisions\/775"}],"up":[{"embeddable":true,"href":"https:\/\/skadi.is\/index.php\/wp-json\/wp\/v2\/pages\/492"}],"wp:attachment":[{"href":"https:\/\/skadi.is\/index.php\/wp-json\/wp\/v2\/media?parent=571"}],"curies":[{"name":"wp","href":"https:\/\/api.w.org\/{rel}","templated":true}]}}